et u = w + 5. Let q(o) be the third derivative of -11*o**4/24 - o**3/6 - 12*o**2. Calculate q(u).
10
Let o(x) be the second derivative of 5*x**3/3 - 21*x**2/2 + 719*x. What is o(2)?
-1
Let m(p) = 3*p + 1. Let u = 632 - 647. What is m(u)?
-44
Let f(r) = 7*r**2 - r**2 - 2*r**2 - 3 + 2*r - 29*r**3 + 27*r**3. Let g(v) = -v**3 + 4*v**2 - 4*v + 3. Let m be g(3). Let w = m - -3. Calculate f(w).
-15
Suppose -650*f = -648*f - 10. Let j(u) = -1. Let s(t) = t - 7. Let m(n) = 2*j(n) - s(n). What is m(f)?
0
Let n(b) be the third derivative of b**5/60 - 5*b**4/24 + 89*b**2. Let d = -6 + 23. Suppose -d = -3*v - j, 5*j = 4*v - 15 + 5. Calculate n(v).
0
Let y(b) = 3*b + 23. Let p(v) = 3*v**2 + 19*v - 25. Let i be p(-7). What is y(i)?
-10
Let l be 30/90 - (33/(-9) - -2). Let h(u) = -12*u + 3. Determine h(l).
-21
Suppose -51*z = -36*z - 15. Let q(x) = 36*x + 1. What is q(z)?
37
Let p(f) = -2*f**2 + 5*f**3 + 0*f**3 - 5*f**2 - 11*f + 28 - 19. Let z(q) = 9*q**3 - 14*q**2 - 21*q + 17. Let i(y) = 11*p(y) - 6*z(y). Determine i(-6).
3
Suppose i = 4*h - 17, -3*h = -2*i - 7 - 2. Suppose 5*a = 6*a + 2*l - 10, 2*a = -l + h. Let g(f) = -f**3 - f**2 + f + 16. Give g(a).
16
Let m(b) be the second derivative of -b**3/2 - b**2/2 + 62*b. What is m(-5)?
14
Let t = -41 + -7. Let c = 44 + t. Let a(y) = -3*y - 2. Calculate a(c).
10
Let x(n) be the second derivative of -2*n**3/3 + 7*n**2/2 - 88*n. Calculate x(8).
-25
Let s = 260 + -258. Let j(c) = c - 1. Calculate j(s).
1
Let r(u) be the second derivative of -u**4/12 - u**3/3 - 3*u**2/2 - 45*u + 1. Calculate r(-5).
-18
Let s(n) = n**3 + 10*n**2 - 10*n + 13. Let z(q) = q**3 - 30*q**2 + 77*q + 1. Let t be z(3). Calculate s(t).
2
Let r = 5 - -25. Let d(g) = -2*g - 31 + r - 3*g - g + g**2. Determine d(7).
6
Let f be 18/4*(-4 - (-48)/9). Let q(u) = 3*u - 2. Let w be q(2). Let n(r) = 2*r - r - w + 0. What is n(f)?
2
Let a(s) = -49*s. Let h = 343 - 342. Calculate a(h).
-49
Let h(c) = -2*c**3. Let i = -30 - -30. Suppose 3*v - 3 + 0 = i. Calculate h(v).
-2
Let w(y) = -y**3 - 5*y**2 - 2*y + 6. Suppose -5*f + 15 = t, 6*t - f + 24 = 2*t. Calculate w(t).
16
Let t(l) be the first derivative of -l**3/3 - 11*l**2/2 + 5*l + 115. Determine t(-12).
-7
Let k(c) = -13*c**2 + 3*c - 3. Suppose 85 - 99 = -5*b - 2*t, 0 = 3*t - 6. Calculate k(b).
-49
Let s(p) be the first derivative of p**3/3 + 5*p**2/2 + 3*p - 21. Determine s(-6).
9
Let f(l) = l**3 - 4*l**2 - 4*l - 2. Let q = -178 - -254. Let b = q - 71. Calculate f(b).
3
Let i(o) = o**2 - 10*o. Let q(v) = -5*v**2 + 41*v - 2. Let l(p) = 9*i(p) + 2*q(p). Let w be 9/6*(-16)/6. Let z = -2 + w. Calculate l(z).
8
Let t(p) = 2*p**2 - 2*p - 6. Let k(d) = 4*d**2 - 1. Let c be k(-1). Let s be t(c). Let w(m) = m**2 - 8*m + 9. Calculate w(s).
-3
Let w(z) = -7*z - 5 - 8 + 0 + 10. What is w(4)?
-31
Let k(l) = l**3 - l**2 + l + 1. Let u be ((-3)/3)/((-1)/2). Suppose 3*y = -u*y. Suppose -3*x - x = y. Give k(x).
1
Let n(m) = -m**2 - 12*m + 10. Let c be -9 + -8 + 2 + 2. Calculate n(c).
-3
Let c(m) be the second derivative of -5*m**3/3 + 43*m. Determine c(5).
-50
Let l be ((-14)/4 + 0)*2. Let o = 5 + l. Let y(x) = -7*x - 2. Determine y(o).
12
Let u(w) be the third derivative of 44*w**2 + 0 + 2/3*w**3 + 0*w - 1/24*w**4. Determine u(2).
2
Let m(s) = -s**2 - 18*s - 66. Let b be m(-12). Let v(w) = 2*w**2 - 5*w - 1. Give v(b).
41
Let r(f) = 2*f**2 - 2*f. Let u(x) = -2*x**2 + 3*x. Let w be (11 - 14)*5/3. Let b(l) = w*u(l) - 6*r(l). Give b(-3).
-9
Let k(n) = -7 + 0*n - n + 0. Suppose -c - 24 = c. Let z be (-3)/c + 6/(-24). Give k(z).
-7
Let u = 11 - 6. Let j(p) be the third derivative of 1/4*p**4 - 1/6*p**3 + 1/15*p**5 - 1/120*p**6 + 0*p + 0 - p**2. Give j(u).
4
Let d(u) = -u - 9. Let y be -2 + 8 - 7/((-28)/(-8)). Suppose y*w + 27 + 9 = 0. Give d(w).
0
Let y(x) = -15*x - 37 + 34*x + 11 + x**2 - 16*x - 15*x. Calculate y(12).
-26
Let k(d) = d**3 + 3*d**2 - 3*d. Let u be k(-4). Let i(g) = -6. Let p(c) = c + 7. Let z(m) = u*i(m) - 3*p(m). Determine z(-5).
18
Let d(a) be the third derivative of a**5/60 + a**4/8 - a**3/2 + a**2. Let o be d(-3). Let u(r) = 17*r**2 - r**3 + 12*r**2 - r + 1 - 33*r**2. What is u(o)?
-5
Let m(w) = 9*w**2 - 17*w**2 - 452*w + 453*w. Calculate m(2).
-30
Let y(c) = -8*c - 4*c**2 - 15*c + 15*c + 7 + 10*c**2 - c**3. Let b(u) = -5*u. Let q be (-3)/(-2)*6/(-9). Let k be b(q). Determine y(k).
-8
Let m be 2/(5/(-2)*(-16)/40). Let k(p) = -3*p**2 + 7*p - 6 - 11*p**m + 13*p**2. Give k(8).
-14
Suppose -3*b - 122 = -4*o, 4*b + 95 = -o + 4*o. Let r(w) = 12*w + 29 - o. What is r(-1)?
-12
Suppose -26*p = 10*p + 396. Let x(h) = -h - 14. Determine x(p).
-3
Let f(s) = s**3 + 8*s**2 + 3*s + 5. Let c be -48 + 45 + -1 + -2. Calculate f(c).
59
Let b = 258 + -251. Let k(x) = x - 3. What is k(b)?
4
Suppose 4*r - 9 = -29. Let x(q) = 11*q**2 - 5*q + 10. Let d(s) = -3*s**2 + 2*s - 3. Let i(z) = 7*d(z) + 2*x(z). Give i(r).
4
Let p(s) = s**2 - 4*s - 7. Suppose 0 = -3*i - 5*m - 14, -5*i + 0*m = -4*m - 26. Let h(u) = u**3 - 2*u**2 + u + 4. Let j be h(i). Let y = j - 1. Give p(y).
-2
Let d = -596 + 585. Let t(s) = -s**2 - 11*s + 4. Calculate t(d).
4
Let x(r) = r**3 + 16*r**2 - r - 16. Suppose 5*z - 336 = 26*z. What is x(z)?
0
Let s(j) = j**3 + 10*j**2 + 6*j - 12. Let n be -16 + 21/15*5. Calculate s(n).
15
Let x(l) = 4*l**3 + 50*l**2 + 21*l + 36. Let g(p) = 3*p**3 + 38*p**2 + 16*p + 27. Let n(k) = -9*g(k) + 7*x(k). What is n(-8)?
-15
Let k(d) = d**3 + 19*d**2 + 16*d - 40. Suppose 0 = -110*p - 855 - 1125. What is k(p)?
-4
Let n(q) = -q**3 + 5*q**2 + 5*q - 1. Suppose 25*t = 2*t + 138. Determine n(t).
-7
Suppose a - 7*f + 7 = -2*f, -4*f = 2*a. Let p be (-34 - (-2 + 6)) + a. Let s be (p/(-12))/(-5)*6. Let u(j) = -j**2 - 5*j - 3. Determine u(s).
1
Let w(u) = -u**3 - 3*u**2 - 3. Let d = -25 - -49. Suppose 0 = 3*n + d + 15. Let g = 10 + n. Determine w(g).
-3
Let o(k) = -k**2 - 2*k + 4. Let r be 30/(-24) + (-50)/(-40). Give o(r).
4
Let m(z) = -2*z + 3. Let h be m(5). Let f(x) = -9*x - 16. Let r(q) = -7*q - 13. Let j(i) = -4*f(i) + 5*r(i). Determine j(h).
-8
Let o(k) = k**2 + k + 5. Let r(t) = -5*t**2 - 6*t - 4. Let v(s) = 9*s**2 + 11*s + 8. Let y(m) = -7*r(m) - 4*v(m). Let x(n) = 2*o(n) + 3*y(n). Determine x(-6).
-14
Let y(x) = -x**2 - 8*x - 12. Let p(m) = -m**2 - 7*m - 12. Let s(t) = -3*p(t) + 4*y(t). Determine s(-11).
-12
Let i(d) = -9*d + 3. Let u(g) = g**2 - 4*g + 2. Let m be u(5). Let c = 17 - m. Suppose -c = -5*o + 4*z, 4*o + 5*z + 1 = 9. Calculate i(o).
-15
Let z(c) be the second derivative of c**3 + 0 - 4*c + c**2 - 1/12*c**4. Suppose -j + 1 = -5. Determine z(j).
2
Suppose 0 = 2*m + 11 - 13. Let h(n) = -2*n + 1 + 2*n**2 - 3*n**2 + m. What is h(2)?
-6
Let c = 10 - 12. Let l be 1/c + 21/6. Let d(g) = -g + l - 15 + 13. Give d(-3).
4
Let j(w) = w**2 + 4*w - 4. Let m be j(-6). Let z(r) = -r**3 + 2 - m*r - 17*r**2 + 26*r**2 + 2. Determine z(8).
4
Let f = 18 + 1. Let g = 15 - f. Let k(o) = -o + 2. Determine k(g).
6
Let x(j) = -j**3 - 6*j**2 - 4*j + 1. Let q = 268 - 273. Calculate x(q).
-4
Let d(u) be the third derivative of u**6/120 + u**5/20 - u**4/12 + 13*u**3/6 + 880*u**2. Calculate d(-4).
5
Let t be 11/44 + 19/4 + -4. Let k(l) = -l. Let w(v) = -2*v. Suppose 0 = -2*u + 5*z - 17, 4*u - 5*z + 2 + 17 = 0. Let s(x) = u*w(x) + 5*k(x). Determine s(t).
-3
Let z(v) = 2 - 6*v - 4*v - 2 - 5. Let m(f) = -9*f - 4. Let n(q) = -6*m(q) + 5*z(q). Determine n(-5).
-21
Let x be (1 + 0)/(-1 - 0). Let d = x - 1. Let g(w) = -76*w - 3 + 80*w + 6. Give g(d).
-5
Let z(o) = o - 9. Let c(a) = -a**3 + 12*a**2 - 5*a + 53. Let b be c(12). Calculate z(b).
-16
Let q(g) be the first derivative of -g**3/3 - 6*g**2 - 3*g + 116. Determine q(-12).
-3
Let h(b) = 2*b**2 - 2*b - 3. Let o(i) = i**3 - 10*i**2 + 11*i - 21. Let a be o(9). What is h(a)?
21
Let m(j) = 2*j**2 + 10*j - 14. Suppose 11*t = t - 60. Calculate m(t).
-2
Let h(u) = 10*u + 5. Let f(b) = 53*b + 28. Let k(d) = 2*f(d) - 11*h(d). Suppose -2*a - 10 = 3*a. What is k(a)?
9
Let c(i) = 0 + 6 - 5 + 108*i - 3 - 5*i**2 - 110*i. Give c(3).
-53
Let t(q) = -q - 1. Let x be (104/78)/(4/6*-1). Let u be (0 - x)*6/(-12). Calculate t(u).
0
Let p(y) = 0*y - y**2 - y - 57 - y**3 + 55 - y. Determine p(-3).
22
Let b(f) = 15*f**2 + 23*f - 2. Let w(z) = -7*z**2 - 11*z + 1. Let q be 5/(-75)*-6*15. Let r(n) = q*b(n) + 13*w(n). Determine r(-6)